 digit of 209136?
0
What is the units digit of 10598888?
8
What is the millions digit of 3681620?
3
What is the hundred thousands digit of 23771867?
7
What is the ten thousands digit of 857578?
5
What is the hundred thousands digit of 2208130?
2
What is the thousands digit of 7444811?
4
What is the hundreds digit of 431268?
2
What is the thousands digit of 826702?
6
What is the hundreds digit of 24008946?
9
What is the hundreds digit of 40481?
4
What is the hundreds digit of 10133707?
7
What is the ten thousands digit of 944393?
4
What is the hundreds digit of 1692043?
0
What is the tens digit of 3756393?
9
What is the ten thousands digit of 160633?
6
What is the thousands digit of 2059724?
9
What is the hundreds digit of 587095?
0
What is the hundred thousands digit of 820247?
8
What is the tens digit of 509218?
1
What is the ten thousands digit of 1098602?
9
What is the millions digit of 2372208?
2
What is the thousands digit of 4120569?
0
What is the units digit of 99410?
0
What is the hundred thousands digit of 534934?
5
What is the hundreds digit of 11804845?
8
What is the units digit of 2039257?
7
What is the millions digit of 16599253?
6
What is the millions digit of 1431054?
1
What is the hundred thousands digit of 342301?
3
What is the hundred thousands digit of 767741?
7
What is the units digit of 371429?
9
What is the thousands digit of 453170?
3
What is the tens digit of 25078657?
5
What is the hundred thousands digit of 6929219?
9
What is the millions digit of 30620959?
0
What is the hundred thousands digit of 408289?
4
What is the thousands digit of 13160727?
0
What is the ten thousands digit of 1642158?
4
What is the ten thousands digit of 266689?
6
What is the ten thousands digit of 585227?
8
What is the thousands digit of 329786?
9
What is the ten thousands digit of 697060?
9
What is the tens digit of 933114?
1
What is the hundreds digit of 146986?
9
What is the hundred thousands digit of 5597520?
5
What is the millions digit of 2257311?
2
What is the thousands digit of 1504409?
4
What is the millions digit of 16978487?
6
What is the hundred thousands digit of 2185393?
1
What is the units digit of 2944288?
8
What is the tens digit of 141920?
2
What is the millions digit of 4127322?
4
What is the hundred thousands digit of 17132581?
1
What is the hundreds digit of 109226?
2
What is the tens digit of 5557?
5
What is the tens digit of 35496?
9
What is the millions digit of 8763224?
8
What is the units digit of 12616699?
9
What is the hundred thousands digit of 434712?
4
What is the tens digit of 1787338?
3
What is the hundreds digit of 9960489?
4
What is the hundreds digit of 3795849?
8
What is the ten millions digit of 23330840?
2
What is the thousands digit of 665878?
5
What is the millions digit of 3520998?
3
What is the thousands digit of 776387?
6
What is the hundreds digit of 110964?
9
What is the ten thousands digit of 577684?
7
What is the hundred thousands digit of 2935721?
9
What is the thousands digit of 9097828?
7
What is the hundred thousands digit of 780674?
7
What is the ten thousands digit of 320633?
2
What is the hundred thousands digit of 545326?
5
What is the tens digit of 802084?
8
What is the tens digit of 229881?
8
What is the thousands digit of 392970?
2
What is the tens digit of 631429?
2
What is the units digit of 935431?
1
What is the hundred thousands digit of 2792793?
7
What is the thousands digit of 16914517?
4
What is the tens digit of 18854?
5
What is the hundreds digit of 1992583?
5
What is the hundred thousands digit of 2480066?
4
What is the units digit of 5980045?
5
What is the units digit of 6611819?
9
What is the hundreds digit of 7226625?
6
What is the units digit of 20506?
6
What is the tens digit of 986305?
0
What is the tens digit of 184341?
4
What is the thousands digit of 1708489?
8
What is the units digit of 255034?
4
What is the hundreds digit of 3120073?
0
What is the hundreds digit of 264771?
7
What is the hundred thousands digit of 5455320?
4
What is the units digit of 3047862?
2
What is the hundreds digit of 742045?
0
What is the thousands digit of 11304539?
4
What is the millions digit of 6534142?
6
What is the ten thousands digit of 9696392?
9
What is the units digit of 12237?
7
What is the ten thousands digit of 389154?
8
What is the ten thousands digit of 66568?
6
What is the tens digit of 673224?
2
What is the units digit of 143130?
0
What is the units digit of 6239304?
4
What is the millions digit of 5399706?
5
What is the hundreds digit of 421392?
3
What is the ten thousands digit of 20845385?
4
What is the ten thousands digit of 181542?
8
What is the hundred thousands digit of 568679?
5
What is the tens digit of 1465888?
8
What is the thousands digit of 22278?
2
What is the millions digit of 20497207?
0
What is the thousands digit of 667706?
7
What is the units digit of 239043?
3
What is the hundreds digit of 12917455?
4
What is the units digit of 249258?
8
What is the hundreds digit of 518065?
0
What is the millions digit of 29916351?
9
What is the hundreds digit of 652239?
2
What is the ten thousands digit of 10580523?
8
What is the hundred thousands digit of 5920616?
9
What is the ten thousands digit of 3030829?
3
What is the thousands digit of 59628?
9
What is the ten thousands digit of 1567969?
6
What is the tens digit of 227880?
8
What is the ten thousands digit of 16262?
1
What is the units digit of 2867897?
7
What is the units digit of 128825?
5
What is the units digit of 3085140?
0
What is the hundred thousands digit of 101205?
1
What is the tens digit of 1998?
9
What is the ten thousands digit of 4657812?
5
What is the tens digit of 1229777?
7
What is the units digit of 1407157?
7
What is the hundred thousands digit of 16926138?
9
What is the hundreds digit of 2325043?
0
What is the units digit of 16725383?
3
What is the thousands digit of 4431218?
1
What is the ten thousands digit of 308300?
0
What is the thousands digit of 128303?
8
What is the units digit of 809674?
4
What is the hundreds digit of 9287158?
1
What is the hundreds digit of 261948?
9
What is the units digit of 14880061?
1
What is the ten thousands digit of 558897?
5
What is the ten thousands digit of 1701957?
0
What is the tens digit of 3406324?
2
What is the hundreds digit of 402117?
1
What is the hundreds digit of 15117277?
2
What is the units digit of 2858107?
7
What is the ten thousands digit of 18469?
1
What is the tens digit of 18277999?
9
What is the thousands digit of 1428029?
8
What is the tens digit of 1838675?
7
What is the thousands digit of 14245?
4
What is the units digit of 12782367?
7
What is the millions digit of 6104457?
6
What is the tens digit of 31067645?
4
What is the ten thousands digit of 2709513?
0
What is the thousands digit of 1276270?
6
What is the tens digit of 27063?
6
What is the units digit of 19814890?
0
What is the hundreds digit of 5087730?
7
What is the thousands digit of 641474?
1
What is the units digit of 9715917?
7
What is the hundreds digit of 6027265?
2
What is the thousands digit of 2759239?
9
What is the ten thousands digit of 121914?
2
What is the ten thousands digit of 310304?
1
What is the hundred thousands digit of 150222?
1
What is the ten thousands digit of 2983708?
8
What is the units digit of 525247?
7
What is the ten thousands digit of 437006?
3
What is the thousands digit of 570822?
0
What is the hundreds digit of 2159533?
5
What is the units digit of 7402130?
0
What is the ten thousands digit of 158227?
5
What is the tens digit of 192393?
9
What is the hundred thousands digit of 1977261?
9
What is the thousands digit of 1205464?
5
What is the units digit of 4031606?
6
What is the ten thousands digit of 343097?
4
What is the hundreds digit of 307046?
0
What is the ten millions digit of 20243594?
2
What is the thousands digit of 63534?
3
What is the hundreds digit of 657603?
6
What is the hundred thousands digit of 749986?
7
What is the tens digit of 267650?
5
What is the hundreds digit of 6697746?
7
What is the hundreds digit of 817389?
3
What is the hundred thousands digit of 1285936?
2
What is the thousands digit of 464432?
4
What is the units digit of 239914?
4
What is the hundreds digit of 70633?
6
What is the units digit of 13632005?
